{"id":1604,"date":"2024-07-18T12:08:54","date_gmt":"2024-07-18T10:08:54","guid":{"rendered":"https:\/\/tmd50.salvador-dali.org\/exposicio\/mes-peintres-de-predilection-velazquez-vermeer-et-raphael\/"},"modified":"2024-10-30T09:05:24","modified_gmt":"2024-10-30T08:05:24","slug":"mes-peintres-de-predilection-velazquez-vermeer-et-raphael","status":"publish","type":"exposicio","link":"https:\/\/tmd50.salvador-dali.org\/fr\/exposicio\/mes-peintres-de-predilection-velazquez-vermeer-et-raphael\/","title":{"rendered":"Mes peintres de pr\u00e9dilection: Vel\u00e1zquez, Vermeer et Rapha\u00ebl"},"content":{"rendered":"<p>Vel\u00e1zquez, Vermeer et Rapha\u00ebl ont \u00e9t\u00e9 fabriqu\u00e9s avec un moule incorruptible et ils sont incorruptibles parce qu&rsquo;ils sont anti-acad\u00e9miques.<\/p>\n<p><span style=\"font-style: normal;\">Salvador Dal\u00ed, <em>Picasso et moi<\/em>, 1951<\/span><\/p>\n","protected":false},"featured_media":983,"parent":0,"menu_order":192,"template":"","meta":{"_acf_changed":false},"categoria_panell":[],"class_list":["post-1604","exposicio","type-exposicio","status-publish","has-post-thumbnail","hentry"],"acf":[],"yoast_head":"<!-- This site is optimized with the Yoast SEO Premium plugin v24.1 (Yoast SEO v27.5) - https:\/\/yoast.com\/product\/yoast-seo-premium-wordpress\/ -->\n<title>Mes peintres de pr\u00e9dilection: Vel\u00e1zquez, Vermeer et Rapha\u00ebl - Teatre-Museu Dal\u00ed - 50 anys<\/title>\n<meta name=\"robots\" content=\"index, follow, max-snippet:-1, max-image-preview:large, max-video-preview:-1\" \/>\n<link rel=\"canonical\" href=\"https:\/\/tmd50.salvador-dali.org\/fr\/exposicio\/mes-peintres-de-predilection-velazquez-vermeer-et-raphael\/\" \/>\n<meta property=\"og:locale\" content=\"fr_FR\" \/>\n<meta property=\"og:type\" content=\"article\" \/>\n<meta property=\"og:title\" content=\"Mes peintres de pr\u00e9dilection: Vel\u00e1zquez, Vermeer et Rapha\u00ebl\" \/>\n<meta property=\"og:description\" content=\"Vel\u00e1zquez, Vermeer et Rapha\u00ebl ont \u00e9t\u00e9 fabriqu\u00e9s avec un moule incorruptible et ils sont incorruptibles parce qu&rsquo;ils sont anti-acad\u00e9miques. Salvador Dal\u00ed, Picasso et moi, 1951 [...]\" \/>\n<meta property=\"og:url\" content=\"https:\/\/tmd50.salvador-dali.org\/fr\/exposicio\/mes-peintres-de-predilection-velazquez-vermeer-et-raphael\/\" \/>\n<meta property=\"og:site_name\" content=\"Teatre-Museu Dal\u00ed - 50 anys\" \/>\n<meta property=\"article:publisher\" content=\"https:\/\/www.facebook.com\/MuseusDali\" \/>\n<meta property=\"article:modified_time\" content=\"2024-10-30T08:05:24+00:00\" \/>\n<meta property=\"og:image\" content=\"https:\/\/tmd50.salvador-dali.org\/wp-content\/uploads\/2024\/07\/0952.webp\" \/>\n\t<meta property=\"og:image:width\" content=\"800\" \/>\n\t<meta property=\"og:image:height\" content=\"1118\" \/>\n\t<meta property=\"og:image:type\" content=\"image\/webp\" \/>\n<meta name=\"twitter:card\" content=\"summary_large_image\" \/>\n<meta name=\"twitter:site\" content=\"@MuseuDali\" \/>\n<meta name=\"twitter:label1\" content=\"Dur\u00e9e de lecture estim\u00e9e\" \/>\n\t<meta name=\"twitter:data1\" content=\"1 minute\" \/>\n<script type=\"application\/ld+json\" class=\"yoast-schema-graph\">{\"@context\":\"https:\\\/\\\/schema.org\",\"@graph\":[{\"@type\":\"WebPage\",\"@id\":\"https:\\\/\\\/tmd50.salvador-dali.org\\\/fr\\\/exposicio\\\/mes-peintres-de-predilection-velazquez-vermeer-et-raphael\\\/\",\"url\":\"https:\\\/\\\/tmd50.salvador-dali.org\\\/fr\\\/exposicio\\\/mes-peintres-de-predilection-velazquez-vermeer-et-raphael\\\/\",\"name\":\"Mes peintres de pr\u00e9dilection: Vel\u00e1zquez, Vermeer et Rapha\u00ebl - Teatre-Museu Dal\u00ed - 50 anys\",\"isPartOf\":{\"@id\":\"https:\\\/\\\/tmd50.salvador-dali.org\\\/fr\\\/#website\"},\"primaryImageOfPage\":{\"@id\":\"https:\\\/\\\/tmd50.salvador-dali.org\\\/fr\\\/exposicio\\\/mes-peintres-de-predilection-velazquez-vermeer-et-raphael\\\/#primaryimage\"},\"image\":{\"@id\":\"https:\\\/\\\/tmd50.salvador-dali.org\\\/fr\\\/exposicio\\\/mes-peintres-de-predilection-velazquez-vermeer-et-raphael\\\/#primaryimage\"},\"thumbnailUrl\":\"https:\\\/\\\/tmd50.salvador-dali.org\\\/wp-content\\\/uploads\\\/2024\\\/07\\\/0952.webp\",\"datePublished\":\"2024-07-18T10:08:54+00:00\",\"dateModified\":\"2024-10-30T08:05:24+00:00\",\"breadcrumb\":{\"@id\":\"https:\\\/\\\/tmd50.salvador-dali.org\\\/fr\\\/exposicio\\\/mes-peintres-de-predilection-velazquez-vermeer-et-raphael\\\/#breadcrumb\"},\"inLanguage\":\"fr-FR\",\"potentialAction\":[{\"@type\":\"ReadAction\",\"target\":[\"https:\\\/\\\/tmd50.salvador-dali.org\\\/fr\\\/exposicio\\\/mes-peintres-de-predilection-velazquez-vermeer-et-raphael\\\/\"]}]},{\"@type\":\"ImageObject\",\"inLanguage\":\"fr-FR\",\"@id\":\"https:\\\/\\\/tmd50.salvador-dali.org\\\/fr\\\/exposicio\\\/mes-peintres-de-predilection-velazquez-vermeer-et-raphael\\\/#primaryimage\",\"url\":\"https:\\\/\\\/tmd50.salvador-dali.org\\\/wp-content\\\/uploads\\\/2024\\\/07\\\/0952.webp\",\"contentUrl\":\"https:\\\/\\\/tmd50.salvador-dali.org\\\/wp-content\\\/uploads\\\/2024\\\/07\\\/0952.webp\",\"width\":800,\"height\":1118},{\"@type\":\"BreadcrumbList\",\"@id\":\"https:\\\/\\\/tmd50.salvador-dali.org\\\/fr\\\/exposicio\\\/mes-peintres-de-predilection-velazquez-vermeer-et-raphael\\\/#breadcrumb\",\"itemListElement\":[{\"@type\":\"ListItem\",\"position\":1,\"name\":\"Inici\",\"item\":\"https:\\\/\\\/tmd50.salvador-dali.org\\\/fr\\\/\"},{\"@type\":\"ListItem\",\"position\":2,\"name\":\"Mes peintres de pr\u00e9dilection: Vel\u00e1zquez, Vermeer et Rapha\u00ebl\"}]},{\"@type\":\"WebSite\",\"@id\":\"https:\\\/\\\/tmd50.salvador-dali.org\\\/fr\\\/#website\",\"url\":\"https:\\\/\\\/tmd50.salvador-dali.org\\\/fr\\\/\",\"name\":\"museudali50\",\"description\":\"\",\"publisher\":{\"@id\":\"https:\\\/\\\/tmd50.salvador-dali.org\\\/fr\\\/#organization\"},\"potentialAction\":[{\"@type\":\"SearchAction\",\"target\":{\"@type\":\"EntryPoint\",\"urlTemplate\":\"https:\\\/\\\/tmd50.salvador-dali.org\\\/fr\\\/?s={search_term_string}\"},\"query-input\":{\"@type\":\"PropertyValueSpecification\",\"valueRequired\":true,\"valueName\":\"search_term_string\"}}],\"inLanguage\":\"fr-FR\"},{\"@type\":\"Organization\",\"@id\":\"https:\\\/\\\/tmd50.salvador-dali.org\\\/fr\\\/#organization\",\"name\":\"museudali50\",\"url\":\"https:\\\/\\\/tmd50.salvador-dali.org\\\/fr\\\/\",\"logo\":{\"@type\":\"ImageObject\",\"inLanguage\":\"fr-FR\",\"@id\":\"https:\\\/\\\/tmd50.salvador-dali.org\\\/fr\\\/#\\\/schema\\\/logo\\\/image\\\/\",\"url\":\"https:\\\/\\\/tmd50.salvador-dali.org\\\/wp-content\\\/uploads\\\/2024\\\/08\\\/cropped-logo-provisional.png\",\"contentUrl\":\"https:\\\/\\\/tmd50.salvador-dali.org\\\/wp-content\\\/uploads\\\/2024\\\/08\\\/cropped-logo-provisional.png\",\"width\":474,\"height\":106,\"caption\":\"museudali50\"},\"image\":{\"@id\":\"https:\\\/\\\/tmd50.salvador-dali.org\\\/fr\\\/#\\\/schema\\\/logo\\\/image\\\/\"},\"sameAs\":[\"https:\\\/\\\/www.facebook.com\\\/MuseusDali\",\"https:\\\/\\\/x.com\\\/MuseuDali\",\"https:\\\/\\\/www.youtube.com\\\/user\\\/FundacioDali\",\"https:\\\/\\\/instagram.com\\\/museudali\"]}]}<\/script>\n<!-- \/ Yoast SEO Premium plugin. -->","yoast_head_json":{"title":"Mes peintres de pr\u00e9dilection: Vel\u00e1zquez, Vermeer et Rapha\u00ebl - Teatre-Museu Dal\u00ed - 50 anys","robots":{"index":"index","follow":"follow","max-snippet":"max-snippet:-1","max-image-preview":"max-image-preview:large","max-video-preview":"max-video-preview:-1"},"canonical":"https:\/\/tmd50.salvador-dali.org\/fr\/exposicio\/mes-peintres-de-predilection-velazquez-vermeer-et-raphael\/","og_locale":"fr_FR","og_type":"article","og_title":"Mes peintres de pr\u00e9dilection: Vel\u00e1zquez, Vermeer et Rapha\u00ebl","og_description":"Vel\u00e1zquez, Vermeer et Rapha\u00ebl ont \u00e9t\u00e9 fabriqu\u00e9s avec un moule incorruptible et ils sont incorruptibles parce qu&rsquo;ils sont anti-acad\u00e9miques. Salvador Dal\u00ed, Picasso et moi, 1951 [...]","og_url":"https:\/\/tmd50.salvador-dali.org\/fr\/exposicio\/mes-peintres-de-predilection-velazquez-vermeer-et-raphael\/","og_site_name":"Teatre-Museu Dal\u00ed - 50 anys","article_publisher":"https:\/\/www.facebook.com\/MuseusDali","article_modified_time":"2024-10-30T08:05:24+00:00","og_image":[{"width":800,"height":1118,"url":"https:\/\/tmd50.salvador-dali.org\/wp-content\/uploads\/2024\/07\/0952.webp","type":"image\/webp"}],"twitter_card":"summary_large_image","twitter_site":"@MuseuDali","twitter_misc":{"Dur\u00e9e de lecture estim\u00e9e":"1 minute"},"schema":{"@context":"https:\/\/schema.org","@graph":[{"@type":"WebPage","@id":"https:\/\/tmd50.salvador-dali.org\/fr\/exposicio\/mes-peintres-de-predilection-velazquez-vermeer-et-raphael\/","url":"https:\/\/tmd50.salvador-dali.org\/fr\/exposicio\/mes-peintres-de-predilection-velazquez-vermeer-et-raphael\/","name":"Mes peintres de pr\u00e9dilection: Vel\u00e1zquez, Vermeer et Rapha\u00ebl - Teatre-Museu Dal\u00ed - 50 anys","isPartOf":{"@id":"https:\/\/tmd50.salvador-dali.org\/fr\/#website"},"primaryImageOfPage":{"@id":"https:\/\/tmd50.salvador-dali.org\/fr\/exposicio\/mes-peintres-de-predilection-velazquez-vermeer-et-raphael\/#primaryimage"},"image":{"@id":"https:\/\/tmd50.salvador-dali.org\/fr\/exposicio\/mes-peintres-de-predilection-velazquez-vermeer-et-raphael\/#primaryimage"},"thumbnailUrl":"https:\/\/tmd50.salvador-dali.org\/wp-content\/uploads\/2024\/07\/0952.webp","datePublished":"2024-07-18T10:08:54+00:00","dateModified":"2024-10-30T08:05:24+00:00","breadcrumb":{"@id":"https:\/\/tmd50.salvador-dali.org\/fr\/exposicio\/mes-peintres-de-predilection-velazquez-vermeer-et-raphael\/#breadcrumb"},"inLanguage":"fr-FR","potentialAction":[{"@type":"ReadAction","target":["https:\/\/tmd50.salvador-dali.org\/fr\/exposicio\/mes-peintres-de-predilection-velazquez-vermeer-et-raphael\/"]}]},{"@type":"ImageObject","inLanguage":"fr-FR","@id":"https:\/\/tmd50.salvador-dali.org\/fr\/exposicio\/mes-peintres-de-predilection-velazquez-vermeer-et-raphael\/#primaryimage","url":"https:\/\/tmd50.salvador-dali.org\/wp-content\/uploads\/2024\/07\/0952.webp","contentUrl":"https:\/\/tmd50.salvador-dali.org\/wp-content\/uploads\/2024\/07\/0952.webp","width":800,"height":1118},{"@type":"BreadcrumbList","@id":"https:\/\/tmd50.salvador-dali.org\/fr\/exposicio\/mes-peintres-de-predilection-velazquez-vermeer-et-raphael\/#breadcrumb","itemListElement":[{"@type":"ListItem","position":1,"name":"Inici","item":"https:\/\/tmd50.salvador-dali.org\/fr\/"},{"@type":"ListItem","position":2,"name":"Mes peintres de pr\u00e9dilection: Vel\u00e1zquez, Vermeer et Rapha\u00ebl"}]},{"@type":"WebSite","@id":"https:\/\/tmd50.salvador-dali.org\/fr\/#website","url":"https:\/\/tmd50.salvador-dali.org\/fr\/","name":"museudali50","description":"","publisher":{"@id":"https:\/\/tmd50.salvador-dali.org\/fr\/#organization"},"potentialAction":[{"@type":"SearchAction","target":{"@type":"EntryPoint","urlTemplate":"https:\/\/tmd50.salvador-dali.org\/fr\/?s={search_term_string}"},"query-input":{"@type":"PropertyValueSpecification","valueRequired":true,"valueName":"search_term_string"}}],"inLanguage":"fr-FR"},{"@type":"Organization","@id":"https:\/\/tmd50.salvador-dali.org\/fr\/#organization","name":"museudali50","url":"https:\/\/tmd50.salvador-dali.org\/fr\/","logo":{"@type":"ImageObject","inLanguage":"fr-FR","@id":"https:\/\/tmd50.salvador-dali.org\/fr\/#\/schema\/logo\/image\/","url":"https:\/\/tmd50.salvador-dali.org\/wp-content\/uploads\/2024\/08\/cropped-logo-provisional.png","contentUrl":"https:\/\/tmd50.salvador-dali.org\/wp-content\/uploads\/2024\/08\/cropped-logo-provisional.png","width":474,"height":106,"caption":"museudali50"},"image":{"@id":"https:\/\/tmd50.salvador-dali.org\/fr\/#\/schema\/logo\/image\/"},"sameAs":["https:\/\/www.facebook.com\/MuseusDali","https:\/\/x.com\/MuseuDali","https:\/\/www.youtube.com\/user\/FundacioDali","https:\/\/instagram.com\/museudali"]}]}},"_links":{"self":[{"href":"https:\/\/tmd50.salvador-dali.org\/fr\/wp-json\/wp\/v2\/exposicio\/1604","targetHints":{"allow":["GET"]}}],"collection":[{"href":"https:\/\/tmd50.salvador-dali.org\/fr\/wp-json\/wp\/v2\/exposicio"}],"about":[{"href":"https:\/\/tmd50.salvador-dali.org\/fr\/wp-json\/wp\/v2\/types\/exposicio"}],"wp:featuredmedia":[{"embeddable":true,"href":"https:\/\/tmd50.salvador-dali.org\/fr\/wp-json\/wp\/v2\/media\/983"}],"wp:attachment":[{"href":"https:\/\/tmd50.salvador-dali.org\/fr\/wp-json\/wp\/v2\/media?parent=1604"}],"wp:term":[{"taxonomy":"categoria_panell","embeddable":true,"href":"https:\/\/tmd50.salvador-dali.org\/fr\/wp-json\/wp\/v2\/categoria_panell?post=1604"}],"curies":[{"name":"wp","href":"https:\/\/api.w.org\/{rel}","templated":true}]}}

Mes peintres de prédilection: Velázquez, Vermeer et Raphaël

<p>Velázquez, Vermeer et Raphaël ont été fabriqués avec un moule incorruptible et ils sont incorruptibles parce qu&rsquo;ils sont anti-académiques.</p>
<p><span style="font-style: normal;">Salvador Dalí, <em>Picasso et moi</em>, 1951</span></p>

<!-- This site is optimized with the Yoast SEO Premium plugin v24.1 (Yoast SEO v27.5) - https://yoast.com/product/yoast-seo-premium-wordpress/ -->
<title>Mes peintres de prédilection: Velázquez, Vermeer et Raphaël - Teatre-Museu Dalí - 50 anys</title>
<meta name="robots" content="index, follow, max-snippet:-1, max-image-preview:large, max-video-preview:-1" />
<link rel="canonical" href="https://tmd50.salvador-dali.org/fr/exposicio/mes-peintres-de-predilection-velazquez-vermeer-et-raphael/" />
<meta property="og:locale" content="fr_FR" />
<meta property="og:type" content="article" />
<meta property="og:title" content="Mes peintres de prédilection: Velázquez, Vermeer et Raphaël" />
<meta property="og:description" content="Velázquez, Vermeer et Raphaël ont été fabriqués avec un moule incorruptible et ils sont incorruptibles parce qu&rsquo;ils sont anti-académiques. Salvador Dalí, Picasso et moi, 1951 [...]" />
<meta property="og:url" content="https://tmd50.salvador-dali.org/fr/exposicio/mes-peintres-de-predilection-velazquez-vermeer-et-raphael/" />
<meta property="og:site_name" content="Teatre-Museu Dalí - 50 anys" />
<meta property="article:publisher" content="https://www.facebook.com/MuseusDali" />
<meta property="article:modified_time" content="2024-10-30T08:05:24+00:00" />
<meta property="og:image" content="https://tmd50.salvador-dali.org/wp-content/uploads/2024/07/0952.webp" />
	<meta property="og:image:width" content="800" />
	<meta property="og:image:height" content="1118" />
	<meta property="og:image:type" content="image/webp" />
<meta name="twitter:card" content="summary_large_image" />
<meta name="twitter:site" content="@MuseuDali" />
<meta name="twitter:label1" content="Durée de lecture estimée" />
	<meta name="twitter:data1" content="1 minute" />
<script type="application/ld+json" class="yoast-schema-graph">{"@context":"https:\/\/schema.org","@graph":[{"@type":"WebPage","@id":"https:\/\/tmd50.salvador-dali.org\/fr\/exposicio\/mes-peintres-de-predilection-velazquez-vermeer-et-raphael\/","url":"https:\/\/tmd50.salvador-dali.org\/fr\/exposicio\/mes-peintres-de-predilection-velazquez-vermeer-et-raphael\/","name":"Mes peintres de prédilection: Velázquez, Vermeer et Raphaël - Teatre-Museu Dalí - 50 anys","isPartOf":{"@id":"https:\/\/tmd50.salvador-dali.org\/fr\/#website"},"primaryImageOfPage":{"@id":"https:\/\/tmd50.salvador-dali.org\/fr\/exposicio\/mes-peintres-de-predilection-velazquez-vermeer-et-raphael\/#primaryimage"},"image":{"@id":"https:\/\/tmd50.salvador-dali.org\/fr\/exposicio\/mes-peintres-de-predilection-velazquez-vermeer-et-raphael\/#primaryimage"},"thumbnailUrl":"https:\/\/tmd50.salvador-dali.org\/wp-content\/uploads\/2024\/07\/0952.webp","datePublished":"2024-07-18T10:08:54+00:00","dateModified":"2024-10-30T08:05:24+00:00","breadcrumb":{"@id":"https:\/\/tmd50.salvador-dali.org\/fr\/exposicio\/mes-peintres-de-predilection-velazquez-vermeer-et-raphael\/#breadcrumb"},"inLanguage":"fr-FR","potentialAction":[{"@type":"ReadAction","target":["https:\/\/tmd50.salvador-dali.org\/fr\/exposicio\/mes-peintres-de-predilection-velazquez-vermeer-et-raphael\/"]}]},{"@type":"ImageObject","inLanguage":"fr-FR","@id":"https:\/\/tmd50.salvador-dali.org\/fr\/exposicio\/mes-peintres-de-predilection-velazquez-vermeer-et-raphael\/#primaryimage","url":"https:\/\/tmd50.salvador-dali.org\/wp-content\/uploads\/2024\/07\/0952.webp","contentUrl":"https:\/\/tmd50.salvador-dali.org\/wp-content\/uploads\/2024\/07\/0952.webp","width":800,"height":1118},{"@type":"BreadcrumbList","@id":"https:\/\/tmd50.salvador-dali.org\/fr\/exposicio\/mes-peintres-de-predilection-velazquez-vermeer-et-raphael\/#breadcrumb","itemListElement":[{"@type":"ListItem","position":1,"name":"Inici","item":"https:\/\/tmd50.salvador-dali.org\/fr\/"},{"@type":"ListItem","position":2,"name":"Mes peintres de prédilection: Velázquez, Vermeer et Raphaël"}]},{"@type":"WebSite","@id":"https:\/\/tmd50.salvador-dali.org\/fr\/#website","url":"https:\/\/tmd50.salvador-dali.org\/fr\/","name":"museudali50","description":"","publisher":{"@id":"https:\/\/tmd50.salvador-dali.org\/fr\/#organization"},"potentialAction":[{"@type":"SearchAction","target":{"@type":"EntryPoint","urlTemplate":"https:\/\/tmd50.salvador-dali.org\/fr\/?s={search_term_string}"},"query-input":{"@type":"PropertyValueSpecification","valueRequired":true,"valueName":"search_term_string"}}],"inLanguage":"fr-FR"},{"@type":"Organization","@id":"https:\/\/tmd50.salvador-dali.org\/fr\/#organization","name":"museudali50","url":"https:\/\/tmd50.salvador-dali.org\/fr\/","logo":{"@type":"ImageObject","inLanguage":"fr-FR","@id":"https:\/\/tmd50.salvador-dali.org\/fr\/#\/schema\/logo\/image\/","url":"https:\/\/tmd50.salvador-dali.org\/wp-content\/uploads\/2024\/08\/cropped-logo-provisional.png","contentUrl":"https:\/\/tmd50.salvador-dali.org\/wp-content\/uploads\/2024\/08\/cropped-logo-provisional.png","width":474,"height":106,"caption":"museudali50"},"image":{"@id":"https:\/\/tmd50.salvador-dali.org\/fr\/#\/schema\/logo\/image\/"},"sameAs":["https:\/\/www.facebook.com\/MuseusDali","https:\/\/x.com\/MuseuDali","https:\/\/www.youtube.com\/user\/FundacioDali","https:\/\/instagram.com\/museudali"]}]}</script>
<!-- / Yoast SEO Premium plugin. -->

Mes peintres de prédilection: Velázquez, Vermeer et Raphaël - Teatre-Museu Dalí - 50 anys

Velázquez, Vermeer et Raphaël ont été fabriqués avec un moule incorruptible et ils sont incorruptibles parce qu&rsquo;ils sont anti-académiques. Salvador Dalí, Picasso et moi, 1951 [...]

Teatre-Museu Dalí - 50 anys
