{"id":1250,"date":"2024-07-18T12:08:54","date_gmt":"2024-07-18T10:08:54","guid":{"rendered":"https:\/\/tmd50.salvador-dali.org\/exposicio\/mis-pintores-predilectos-velazquez-vermeer-i-rafael\/"},"modified":"2024-12-24T15:15:45","modified_gmt":"2024-12-24T14:15:45","slug":"mis-pintores-predilectos-velazquez-vermeer-i-rafael","status":"publish","type":"exposicio","link":"https:\/\/tmd50.salvador-dali.org\/es\/exposicio\/mis-pintores-predilectos-velazquez-vermeer-i-rafael\/","title":{"rendered":"Mis pintores predilectos: Vel\u00e1zquez, Vermeer i Rafael"},"content":{"rendered":"<p>Vel\u00e1zquez, Vermeer y Rafael fueron hechos con un molde incorruptible y son incorruptibles por que son antiacad\u00e9micos.<\/p>\n<p><span style=\"font-style: normal;\">Salvador Dal\u00ed, <em>Picasso y yo<\/em>, 1951<\/span><\/p>\n","protected":false},"featured_media":984,"parent":0,"menu_order":192,"template":"","meta":{"_acf_changed":false},"categoria_panell":[],"class_list":["post-1250","exposicio","type-exposicio","status-publish","has-post-thumbnail","hentry"],"acf":[],"yoast_head":"<!-- This site is optimized with the Yoast SEO Premium plugin v24.1 (Yoast SEO v27.5) - https:\/\/yoast.com\/product\/yoast-seo-premium-wordpress\/ -->\n<title>Mis pintores predilectos: Vel\u00e1zquez, Vermeer i Rafael - Teatre-Museu Dal\u00ed - 50 anys<\/title>\n<meta name=\"robots\" content=\"index, follow, max-snippet:-1, max-image-preview:large, max-video-preview:-1\" \/>\n<link rel=\"canonical\" href=\"https:\/\/tmd50.salvador-dali.org\/es\/exposicio\/mis-pintores-predilectos-velazquez-vermeer-i-rafael\/\" \/>\n<meta property=\"og:locale\" content=\"es_ES\" \/>\n<meta property=\"og:type\" content=\"article\" \/>\n<meta property=\"og:title\" content=\"Mis pintores predilectos: Vel\u00e1zquez, Vermeer i Rafael\" \/>\n<meta property=\"og:description\" content=\"Vel\u00e1zquez, Vermeer y Rafael fueron hechos con un molde incorruptible y son incorruptibles por que son antiacad\u00e9micos. Salvador Dal\u00ed, Picasso y yo, 1951 [...]\" \/>\n<meta property=\"og:url\" content=\"https:\/\/tmd50.salvador-dali.org\/es\/exposicio\/mis-pintores-predilectos-velazquez-vermeer-i-rafael\/\" \/>\n<meta property=\"og:site_name\" content=\"Teatre-Museu Dal\u00ed - 50 anys\" \/>\n<meta property=\"article:publisher\" content=\"https:\/\/www.facebook.com\/MuseusDali\" \/>\n<meta property=\"article:modified_time\" content=\"2024-12-24T14:15:45+00:00\" \/>\n<meta property=\"og:image\" content=\"https:\/\/tmd50.salvador-dali.org\/wp-content\/uploads\/2024\/07\/0952.webp\" \/>\n\t<meta property=\"og:image:width\" content=\"800\" \/>\n\t<meta property=\"og:image:height\" content=\"1118\" \/>\n\t<meta property=\"og:image:type\" content=\"image\/webp\" \/>\n<meta name=\"twitter:card\" content=\"summary_large_image\" \/>\n<meta name=\"twitter:site\" content=\"@MuseuDali\" \/>\n<meta name=\"twitter:label1\" content=\"Tiempo de lectura\" \/>\n\t<meta name=\"twitter:data1\" content=\"1 minuto\" \/>\n<script type=\"application\/ld+json\" class=\"yoast-schema-graph\">{\"@context\":\"https:\\\/\\\/schema.org\",\"@graph\":[{\"@type\":\"WebPage\",\"@id\":\"https:\\\/\\\/tmd50.salvador-dali.org\\\/es\\\/exposicio\\\/mis-pintores-predilectos-velazquez-vermeer-i-rafael\\\/\",\"url\":\"https:\\\/\\\/tmd50.salvador-dali.org\\\/es\\\/exposicio\\\/mis-pintores-predilectos-velazquez-vermeer-i-rafael\\\/\",\"name\":\"Mis pintores predilectos: Vel\u00e1zquez, Vermeer i Rafael - Teatre-Museu Dal\u00ed - 50 anys\",\"isPartOf\":{\"@id\":\"https:\\\/\\\/tmd50.salvador-dali.org\\\/es\\\/#website\"},\"primaryImageOfPage\":{\"@id\":\"https:\\\/\\\/tmd50.salvador-dali.org\\\/es\\\/exposicio\\\/mis-pintores-predilectos-velazquez-vermeer-i-rafael\\\/#primaryimage\"},\"image\":{\"@id\":\"https:\\\/\\\/tmd50.salvador-dali.org\\\/es\\\/exposicio\\\/mis-pintores-predilectos-velazquez-vermeer-i-rafael\\\/#primaryimage\"},\"thumbnailUrl\":\"https:\\\/\\\/tmd50.salvador-dali.org\\\/wp-content\\\/uploads\\\/2024\\\/07\\\/0952.webp\",\"datePublished\":\"2024-07-18T10:08:54+00:00\",\"dateModified\":\"2024-12-24T14:15:45+00:00\",\"breadcrumb\":{\"@id\":\"https:\\\/\\\/tmd50.salvador-dali.org\\\/es\\\/exposicio\\\/mis-pintores-predilectos-velazquez-vermeer-i-rafael\\\/#breadcrumb\"},\"inLanguage\":\"es\",\"potentialAction\":[{\"@type\":\"ReadAction\",\"target\":[\"https:\\\/\\\/tmd50.salvador-dali.org\\\/es\\\/exposicio\\\/mis-pintores-predilectos-velazquez-vermeer-i-rafael\\\/\"]}]},{\"@type\":\"ImageObject\",\"inLanguage\":\"es\",\"@id\":\"https:\\\/\\\/tmd50.salvador-dali.org\\\/es\\\/exposicio\\\/mis-pintores-predilectos-velazquez-vermeer-i-rafael\\\/#primaryimage\",\"url\":\"https:\\\/\\\/tmd50.salvador-dali.org\\\/wp-content\\\/uploads\\\/2024\\\/07\\\/0952.webp\",\"contentUrl\":\"https:\\\/\\\/tmd50.salvador-dali.org\\\/wp-content\\\/uploads\\\/2024\\\/07\\\/0952.webp\",\"width\":800,\"height\":1118},{\"@type\":\"BreadcrumbList\",\"@id\":\"https:\\\/\\\/tmd50.salvador-dali.org\\\/es\\\/exposicio\\\/mis-pintores-predilectos-velazquez-vermeer-i-rafael\\\/#breadcrumb\",\"itemListElement\":[{\"@type\":\"ListItem\",\"position\":1,\"name\":\"Inici\",\"item\":\"https:\\\/\\\/tmd50.salvador-dali.org\\\/es\\\/\"},{\"@type\":\"ListItem\",\"position\":2,\"name\":\"Mis pintores predilectos: Vel\u00e1zquez, Vermeer i Rafael\"}]},{\"@type\":\"WebSite\",\"@id\":\"https:\\\/\\\/tmd50.salvador-dali.org\\\/es\\\/#website\",\"url\":\"https:\\\/\\\/tmd50.salvador-dali.org\\\/es\\\/\",\"name\":\"museudali50\",\"description\":\"\",\"publisher\":{\"@id\":\"https:\\\/\\\/tmd50.salvador-dali.org\\\/es\\\/#organization\"},\"potentialAction\":[{\"@type\":\"SearchAction\",\"target\":{\"@type\":\"EntryPoint\",\"urlTemplate\":\"https:\\\/\\\/tmd50.salvador-dali.org\\\/es\\\/?s={search_term_string}\"},\"query-input\":{\"@type\":\"PropertyValueSpecification\",\"valueRequired\":true,\"valueName\":\"search_term_string\"}}],\"inLanguage\":\"es\"},{\"@type\":\"Organization\",\"@id\":\"https:\\\/\\\/tmd50.salvador-dali.org\\\/es\\\/#organization\",\"name\":\"museudali50\",\"url\":\"https:\\\/\\\/tmd50.salvador-dali.org\\\/es\\\/\",\"logo\":{\"@type\":\"ImageObject\",\"inLanguage\":\"es\",\"@id\":\"https:\\\/\\\/tmd50.salvador-dali.org\\\/es\\\/#\\\/schema\\\/logo\\\/image\\\/\",\"url\":\"https:\\\/\\\/tmd50.salvador-dali.org\\\/wp-content\\\/uploads\\\/2024\\\/08\\\/cropped-logo-provisional.png\",\"contentUrl\":\"https:\\\/\\\/tmd50.salvador-dali.org\\\/wp-content\\\/uploads\\\/2024\\\/08\\\/cropped-logo-provisional.png\",\"width\":474,\"height\":106,\"caption\":\"museudali50\"},\"image\":{\"@id\":\"https:\\\/\\\/tmd50.salvador-dali.org\\\/es\\\/#\\\/schema\\\/logo\\\/image\\\/\"},\"sameAs\":[\"https:\\\/\\\/www.facebook.com\\\/MuseusDali\",\"https:\\\/\\\/x.com\\\/MuseuDali\",\"https:\\\/\\\/www.youtube.com\\\/user\\\/FundacioDali\",\"https:\\\/\\\/instagram.com\\\/museudali\"]}]}<\/script>\n<!-- \/ Yoast SEO Premium plugin. -->","yoast_head_json":{"title":"Mis pintores predilectos: Vel\u00e1zquez, Vermeer i Rafael - Teatre-Museu Dal\u00ed - 50 anys","robots":{"index":"index","follow":"follow","max-snippet":"max-snippet:-1","max-image-preview":"max-image-preview:large","max-video-preview":"max-video-preview:-1"},"canonical":"https:\/\/tmd50.salvador-dali.org\/es\/exposicio\/mis-pintores-predilectos-velazquez-vermeer-i-rafael\/","og_locale":"es_ES","og_type":"article","og_title":"Mis pintores predilectos: Vel\u00e1zquez, Vermeer i Rafael","og_description":"Vel\u00e1zquez, Vermeer y Rafael fueron hechos con un molde incorruptible y son incorruptibles por que son antiacad\u00e9micos. Salvador Dal\u00ed, Picasso y yo, 1951 [...]","og_url":"https:\/\/tmd50.salvador-dali.org\/es\/exposicio\/mis-pintores-predilectos-velazquez-vermeer-i-rafael\/","og_site_name":"Teatre-Museu Dal\u00ed - 50 anys","article_publisher":"https:\/\/www.facebook.com\/MuseusDali","article_modified_time":"2024-12-24T14:15:45+00:00","og_image":[{"width":800,"height":1118,"url":"https:\/\/tmd50.salvador-dali.org\/wp-content\/uploads\/2024\/07\/0952.webp","type":"image\/webp"}],"twitter_card":"summary_large_image","twitter_site":"@MuseuDali","twitter_misc":{"Tiempo de lectura":"1 minuto"},"schema":{"@context":"https:\/\/schema.org","@graph":[{"@type":"WebPage","@id":"https:\/\/tmd50.salvador-dali.org\/es\/exposicio\/mis-pintores-predilectos-velazquez-vermeer-i-rafael\/","url":"https:\/\/tmd50.salvador-dali.org\/es\/exposicio\/mis-pintores-predilectos-velazquez-vermeer-i-rafael\/","name":"Mis pintores predilectos: Vel\u00e1zquez, Vermeer i Rafael - Teatre-Museu Dal\u00ed - 50 anys","isPartOf":{"@id":"https:\/\/tmd50.salvador-dali.org\/es\/#website"},"primaryImageOfPage":{"@id":"https:\/\/tmd50.salvador-dali.org\/es\/exposicio\/mis-pintores-predilectos-velazquez-vermeer-i-rafael\/#primaryimage"},"image":{"@id":"https:\/\/tmd50.salvador-dali.org\/es\/exposicio\/mis-pintores-predilectos-velazquez-vermeer-i-rafael\/#primaryimage"},"thumbnailUrl":"https:\/\/tmd50.salvador-dali.org\/wp-content\/uploads\/2024\/07\/0952.webp","datePublished":"2024-07-18T10:08:54+00:00","dateModified":"2024-12-24T14:15:45+00:00","breadcrumb":{"@id":"https:\/\/tmd50.salvador-dali.org\/es\/exposicio\/mis-pintores-predilectos-velazquez-vermeer-i-rafael\/#breadcrumb"},"inLanguage":"es","potentialAction":[{"@type":"ReadAction","target":["https:\/\/tmd50.salvador-dali.org\/es\/exposicio\/mis-pintores-predilectos-velazquez-vermeer-i-rafael\/"]}]},{"@type":"ImageObject","inLanguage":"es","@id":"https:\/\/tmd50.salvador-dali.org\/es\/exposicio\/mis-pintores-predilectos-velazquez-vermeer-i-rafael\/#primaryimage","url":"https:\/\/tmd50.salvador-dali.org\/wp-content\/uploads\/2024\/07\/0952.webp","contentUrl":"https:\/\/tmd50.salvador-dali.org\/wp-content\/uploads\/2024\/07\/0952.webp","width":800,"height":1118},{"@type":"BreadcrumbList","@id":"https:\/\/tmd50.salvador-dali.org\/es\/exposicio\/mis-pintores-predilectos-velazquez-vermeer-i-rafael\/#breadcrumb","itemListElement":[{"@type":"ListItem","position":1,"name":"Inici","item":"https:\/\/tmd50.salvador-dali.org\/es\/"},{"@type":"ListItem","position":2,"name":"Mis pintores predilectos: Vel\u00e1zquez, Vermeer i Rafael"}]},{"@type":"WebSite","@id":"https:\/\/tmd50.salvador-dali.org\/es\/#website","url":"https:\/\/tmd50.salvador-dali.org\/es\/","name":"museudali50","description":"","publisher":{"@id":"https:\/\/tmd50.salvador-dali.org\/es\/#organization"},"potentialAction":[{"@type":"SearchAction","target":{"@type":"EntryPoint","urlTemplate":"https:\/\/tmd50.salvador-dali.org\/es\/?s={search_term_string}"},"query-input":{"@type":"PropertyValueSpecification","valueRequired":true,"valueName":"search_term_string"}}],"inLanguage":"es"},{"@type":"Organization","@id":"https:\/\/tmd50.salvador-dali.org\/es\/#organization","name":"museudali50","url":"https:\/\/tmd50.salvador-dali.org\/es\/","logo":{"@type":"ImageObject","inLanguage":"es","@id":"https:\/\/tmd50.salvador-dali.org\/es\/#\/schema\/logo\/image\/","url":"https:\/\/tmd50.salvador-dali.org\/wp-content\/uploads\/2024\/08\/cropped-logo-provisional.png","contentUrl":"https:\/\/tmd50.salvador-dali.org\/wp-content\/uploads\/2024\/08\/cropped-logo-provisional.png","width":474,"height":106,"caption":"museudali50"},"image":{"@id":"https:\/\/tmd50.salvador-dali.org\/es\/#\/schema\/logo\/image\/"},"sameAs":["https:\/\/www.facebook.com\/MuseusDali","https:\/\/x.com\/MuseuDali","https:\/\/www.youtube.com\/user\/FundacioDali","https:\/\/instagram.com\/museudali"]}]}},"_links":{"self":[{"href":"https:\/\/tmd50.salvador-dali.org\/es\/wp-json\/wp\/v2\/exposicio\/1250","targetHints":{"allow":["GET"]}}],"collection":[{"href":"https:\/\/tmd50.salvador-dali.org\/es\/wp-json\/wp\/v2\/exposicio"}],"about":[{"href":"https:\/\/tmd50.salvador-dali.org\/es\/wp-json\/wp\/v2\/types\/exposicio"}],"wp:featuredmedia":[{"embeddable":true,"href":"https:\/\/tmd50.salvador-dali.org\/es\/wp-json\/wp\/v2\/media\/984"}],"wp:attachment":[{"href":"https:\/\/tmd50.salvador-dali.org\/es\/wp-json\/wp\/v2\/media?parent=1250"}],"wp:term":[{"taxonomy":"categoria_panell","embeddable":true,"href":"https:\/\/tmd50.salvador-dali.org\/es\/wp-json\/wp\/v2\/categoria_panell?post=1250"}],"curies":[{"name":"wp","href":"https:\/\/api.w.org\/{rel}","templated":true}]}}

Mis pintores predilectos: Velázquez, Vermeer i Rafael

<p>Velázquez, Vermeer y Rafael fueron hechos con un molde incorruptible y son incorruptibles por que son antiacadémicos.</p>
<p><span style="font-style: normal;">Salvador Dalí, <em>Picasso y yo</em>, 1951</span></p>

<!-- This site is optimized with the Yoast SEO Premium plugin v24.1 (Yoast SEO v27.5) - https://yoast.com/product/yoast-seo-premium-wordpress/ -->
<title>Mis pintores predilectos: Velázquez, Vermeer i Rafael - Teatre-Museu Dalí - 50 anys</title>
<meta name="robots" content="index, follow, max-snippet:-1, max-image-preview:large, max-video-preview:-1" />
<link rel="canonical" href="https://tmd50.salvador-dali.org/es/exposicio/mis-pintores-predilectos-velazquez-vermeer-i-rafael/" />
<meta property="og:locale" content="es_ES" />
<meta property="og:type" content="article" />
<meta property="og:title" content="Mis pintores predilectos: Velázquez, Vermeer i Rafael" />
<meta property="og:description" content="Velázquez, Vermeer y Rafael fueron hechos con un molde incorruptible y son incorruptibles por que son antiacadémicos. Salvador Dalí, Picasso y yo, 1951 [...]" />
<meta property="og:url" content="https://tmd50.salvador-dali.org/es/exposicio/mis-pintores-predilectos-velazquez-vermeer-i-rafael/" />
<meta property="og:site_name" content="Teatre-Museu Dalí - 50 anys" />
<meta property="article:publisher" content="https://www.facebook.com/MuseusDali" />
<meta property="article:modified_time" content="2024-12-24T14:15:45+00:00" />
<meta property="og:image" content="https://tmd50.salvador-dali.org/wp-content/uploads/2024/07/0952.webp" />
	<meta property="og:image:width" content="800" />
	<meta property="og:image:height" content="1118" />
	<meta property="og:image:type" content="image/webp" />
<meta name="twitter:card" content="summary_large_image" />
<meta name="twitter:site" content="@MuseuDali" />
<meta name="twitter:label1" content="Tiempo de lectura" />
	<meta name="twitter:data1" content="1 minuto" />
<script type="application/ld+json" class="yoast-schema-graph">{"@context":"https:\/\/schema.org","@graph":[{"@type":"WebPage","@id":"https:\/\/tmd50.salvador-dali.org\/es\/exposicio\/mis-pintores-predilectos-velazquez-vermeer-i-rafael\/","url":"https:\/\/tmd50.salvador-dali.org\/es\/exposicio\/mis-pintores-predilectos-velazquez-vermeer-i-rafael\/","name":"Mis pintores predilectos: Velázquez, Vermeer i Rafael - Teatre-Museu Dalí - 50 anys","isPartOf":{"@id":"https:\/\/tmd50.salvador-dali.org\/es\/#website"},"primaryImageOfPage":{"@id":"https:\/\/tmd50.salvador-dali.org\/es\/exposicio\/mis-pintores-predilectos-velazquez-vermeer-i-rafael\/#primaryimage"},"image":{"@id":"https:\/\/tmd50.salvador-dali.org\/es\/exposicio\/mis-pintores-predilectos-velazquez-vermeer-i-rafael\/#primaryimage"},"thumbnailUrl":"https:\/\/tmd50.salvador-dali.org\/wp-content\/uploads\/2024\/07\/0952.webp","datePublished":"2024-07-18T10:08:54+00:00","dateModified":"2024-12-24T14:15:45+00:00","breadcrumb":{"@id":"https:\/\/tmd50.salvador-dali.org\/es\/exposicio\/mis-pintores-predilectos-velazquez-vermeer-i-rafael\/#breadcrumb"},"inLanguage":"es","potentialAction":[{"@type":"ReadAction","target":["https:\/\/tmd50.salvador-dali.org\/es\/exposicio\/mis-pintores-predilectos-velazquez-vermeer-i-rafael\/"]}]},{"@type":"ImageObject","inLanguage":"es","@id":"https:\/\/tmd50.salvador-dali.org\/es\/exposicio\/mis-pintores-predilectos-velazquez-vermeer-i-rafael\/#primaryimage","url":"https:\/\/tmd50.salvador-dali.org\/wp-content\/uploads\/2024\/07\/0952.webp","contentUrl":"https:\/\/tmd50.salvador-dali.org\/wp-content\/uploads\/2024\/07\/0952.webp","width":800,"height":1118},{"@type":"BreadcrumbList","@id":"https:\/\/tmd50.salvador-dali.org\/es\/exposicio\/mis-pintores-predilectos-velazquez-vermeer-i-rafael\/#breadcrumb","itemListElement":[{"@type":"ListItem","position":1,"name":"Inici","item":"https:\/\/tmd50.salvador-dali.org\/es\/"},{"@type":"ListItem","position":2,"name":"Mis pintores predilectos: Velázquez, Vermeer i Rafael"}]},{"@type":"WebSite","@id":"https:\/\/tmd50.salvador-dali.org\/es\/#website","url":"https:\/\/tmd50.salvador-dali.org\/es\/","name":"museudali50","description":"","publisher":{"@id":"https:\/\/tmd50.salvador-dali.org\/es\/#organization"},"potentialAction":[{"@type":"SearchAction","target":{"@type":"EntryPoint","urlTemplate":"https:\/\/tmd50.salvador-dali.org\/es\/?s={search_term_string}"},"query-input":{"@type":"PropertyValueSpecification","valueRequired":true,"valueName":"search_term_string"}}],"inLanguage":"es"},{"@type":"Organization","@id":"https:\/\/tmd50.salvador-dali.org\/es\/#organization","name":"museudali50","url":"https:\/\/tmd50.salvador-dali.org\/es\/","logo":{"@type":"ImageObject","inLanguage":"es","@id":"https:\/\/tmd50.salvador-dali.org\/es\/#\/schema\/logo\/image\/","url":"https:\/\/tmd50.salvador-dali.org\/wp-content\/uploads\/2024\/08\/cropped-logo-provisional.png","contentUrl":"https:\/\/tmd50.salvador-dali.org\/wp-content\/uploads\/2024\/08\/cropped-logo-provisional.png","width":474,"height":106,"caption":"museudali50"},"image":{"@id":"https:\/\/tmd50.salvador-dali.org\/es\/#\/schema\/logo\/image\/"},"sameAs":["https:\/\/www.facebook.com\/MuseusDali","https:\/\/x.com\/MuseuDali","https:\/\/www.youtube.com\/user\/FundacioDali","https:\/\/instagram.com\/museudali"]}]}</script>
<!-- / Yoast SEO Premium plugin. -->

Mis pintores predilectos: Velázquez, Vermeer i Rafael - Teatre-Museu Dalí - 50 anys

Velázquez, Vermeer y Rafael fueron hechos con un molde incorruptible y son incorruptibles por que son antiacadémicos. Salvador Dalí, Picasso y yo, 1951 [...]

Teatre-Museu Dalí - 50 anys
